[INFO] fetching crate truth 0.0.1...
[INFO] building truth-0.0.1 against master#881c1ac408d93bb7adaa3a51dabab9266e82eee8 for issue-85264
[INFO] extracting crate truth 0.0.1 into /workspace/builds/worker-1/source
[INFO] validating manifest of crates.io crate truth 0.0.1 on toolchain 881c1ac408d93bb7adaa3a51dabab9266e82eee8
[INFO] running `Command { std: "/workspace/cargo-home/bin/cargo" "+881c1ac408d93bb7adaa3a51dabab9266e82eee8" "metadata" "--manifest-path" "Cargo.toml" "--no-deps", kill_on_drop: false }`
[INFO] started tweaking crates.io crate truth 0.0.1
[INFO] finished tweaking crates.io crate truth 0.0.1
[INFO] tweaked toml for crates.io crate truth 0.0.1 written to /workspace/builds/worker-1/source/Cargo.toml
[INFO] running `Command { std: "/workspace/cargo-home/bin/cargo" "+881c1ac408d93bb7adaa3a51dabab9266e82eee8" "generate-lockfile" "--manifest-path" "Cargo.toml" "-Zno-index-update", kill_on_drop: false }`
[INFO] running `Command { std: "/workspace/cargo-home/bin/cargo" "+881c1ac408d93bb7adaa3a51dabab9266e82eee8" "fetch" "--manifest-path" "Cargo.toml", kill_on_drop: false }`
[INFO] running `Command { std: "docker" "create" "-v" "/var/lib/crater-agent-workspace/builds/worker-1/target:/opt/rustwide/target:rw,Z" "-v" "/var/lib/crater-agent-workspace/builds/worker-1/source:/opt/rustwide/workdir:ro,Z" "-v" "/var/lib/crater-agent-workspace/cargo-home:/opt/rustwide/cargo-home:ro,Z" "-v" "/var/lib/crater-agent-workspace/rustup-home:/opt/rustwide/rustup-home:ro,Z" "-e" "SOURCE_DIR=/opt/rustwide/workdir" "-e" "CARGO_TARGET_DIR=/opt/rustwide/target" "-e" "CARGO_HOME=/opt/rustwide/cargo-home" "-e" "RUSTUP_HOME=/opt/rustwide/rustup-home" "-w" "/opt/rustwide/workdir" "-m" "1610612736" "--user" "0:0" "--network" "none" "ghcr.io/rust-lang/crates-build-env/linux@sha256:20528e8c29e4536546f0102ce88568b16ea7538393a33fcca951030f7af10457" "/opt/rustwide/cargo-home/bin/cargo" "+881c1ac408d93bb7adaa3a51dabab9266e82eee8" "metadata" "--no-deps" "--format-version=1", kill_on_drop: false }`
[INFO] [stdout] 1b93a35236b664a71f1b1545b5903566dfa979d24ec77f9391b76e65b07a9d1c
[INFO] [stderr] WARNING: Your kernel does not support swap limit capabilities or the cgroup is not mounted. Memory limited without swap.
[INFO] running `Command { std: "docker" "start" "-a" "1b93a35236b664a71f1b1545b5903566dfa979d24ec77f9391b76e65b07a9d1c", kill_on_drop: false }`
[INFO] running `Command { std: "docker" "inspect" "1b93a35236b664a71f1b1545b5903566dfa979d24ec77f9391b76e65b07a9d1c", kill_on_drop: false }`
[INFO] running `Command { std: "docker" "rm" "-f" "1b93a35236b664a71f1b1545b5903566dfa979d24ec77f9391b76e65b07a9d1c", kill_on_drop: false }`
[INFO] [stdout] 1b93a35236b664a71f1b1545b5903566dfa979d24ec77f9391b76e65b07a9d1c
[INFO] running `Command { std: "docker" "create" "-v" "/var/lib/crater-agent-workspace/builds/worker-1/target:/opt/rustwide/target:rw,Z" "-v" "/var/lib/crater-agent-workspace/builds/worker-1/source:/opt/rustwide/workdir:ro,Z" "-v" "/var/lib/crater-agent-workspace/cargo-home:/opt/rustwide/cargo-home:ro,Z" "-v" "/var/lib/crater-agent-workspace/rustup-home:/opt/rustwide/rustup-home:ro,Z" "-e" "SOURCE_DIR=/opt/rustwide/workdir" "-e" "CARGO_TARGET_DIR=/opt/rustwide/target" "-e" "CARGO_INCREMENTAL=0" "-e" "RUST_BACKTRACE=full" "-e" "RUSTFLAGS=--cap-lints=forbid" "-e" "CARGO_HOME=/opt/rustwide/cargo-home" "-e" "RUSTUP_HOME=/opt/rustwide/rustup-home" "-w" "/opt/rustwide/workdir" "-m" "1610612736" "--user" "0:0" "--network" "none" "ghcr.io/rust-lang/crates-build-env/linux@sha256:20528e8c29e4536546f0102ce88568b16ea7538393a33fcca951030f7af10457" "/opt/rustwide/cargo-home/bin/cargo" "+881c1ac408d93bb7adaa3a51dabab9266e82eee8" "build" "--frozen" "--message-format=json", kill_on_drop: false }`
[INFO] [stdout] 660c78733d1f2ab1e188dcb9939c89df6d0f6ae32f560f3836f4d5c45628e7c2
[INFO] [stderr] WARNING: Your kernel does not support swap limit capabilities or the cgroup is not mounted. Memory limited without swap.
[INFO] running `Command { std: "docker" "start" "-a" "660c78733d1f2ab1e188dcb9939c89df6d0f6ae32f560f3836f4d5c45628e7c2", kill_on_drop: false }`
[INFO] [stderr]    Compiling truth v0.0.1 (/opt/rustwide/workdir)
[INFO] [stdout] error: invalid suffix `u` for number literal
[INFO] [stdout]   --> src/main.rs:22:21
[INFO] [stdout]    |
[INFO] [stdout] 22 |         let mut i = 0u;
[INFO] [stdout]    |                     ^^ invalid suffix `u`
[INFO] [stdout]    |
[INFO] [stdout]    = help: the suffix must be one of the numeric types (`u32`, `isize`, `f32`, etc.)
[INFO] [stdout] 
[INFO] [stdout] 
[INFO] [stdout] error: invalid suffix `u` for number literal
[INFO] [stdout]    --> src/main.rs:177:26
[INFO] [stdout]     |
[INFO] [stdout] 177 |         for idx in range(1u, self.components.len()) {
[INFO] [stdout]     |                          ^^ invalid suffix `u`
[INFO] [stdout]     |
[INFO] [stdout]     = help: the suffix must be one of the numeric types (`u32`, `isize`, `f32`, etc.)
[INFO] [stdout] 
[INFO] [stdout] 
[INFO] [stdout] error: invalid suffix `i` for number literal
[INFO] [stdout]    --> src/main.rs:221:21
[INFO] [stdout]     |
[INFO] [stdout] 221 |         let tests = 2i.pow(vars.len());
[INFO] [stdout]     |                     ^^ invalid suffix `i`
[INFO] [stdout]     |
[INFO] [stdout]     = help: the suffix must be one of the numeric types (`u32`, `isize`, `f32`, etc.)
[INFO] [stdout] 
[INFO] [stdout] 
[INFO] [stdout] error: invalid suffix `i` for number literal
[INFO] [stdout]    --> src/main.rs:223:26
[INFO] [stdout]     |
[INFO] [stdout] 223 |         for num in range(0i, tests) {
[INFO] [stdout]     |                          ^^ invalid suffix `i`
[INFO] [stdout]     |
[INFO] [stdout]     = help: the suffix must be one of the numeric types (`u32`, `isize`, `f32`, etc.)
[INFO] [stdout] 
[INFO] [stdout] 
[INFO] [stdout] error: invalid suffix `u` for number literal
[INFO] [stdout]    --> src/main.rs:225:30
[INFO] [stdout]     |
[INFO] [stdout] 225 |             for pos in range(0u, vars.len()) {
[INFO] [stdout]     |                              ^^ invalid suffix `u`
[INFO] [stdout]     |
[INFO] [stdout]     = help: the suffix must be one of the numeric types (`u32`, `isize`, `f32`, etc.)
[INFO] [stdout] 
[INFO] [stdout] 
[INFO] [stdout] error[E0432]: unresolved import `std::num::Int`
[INFO] [stdout]  --> src/main.rs:3:5
[INFO] [stdout]   |
[INFO] [stdout] 3 | use std::num::Int;
[INFO] [stdout]   |     ^^^^^^^^^^^^^ no `Int` in `num`
[INFO] [stdout] 
[INFO] [stdout] 
[INFO] [stdout] error: cannot find attribute `deriving` in this scope
[INFO] [stdout]   --> src/main.rs:68:3
[INFO] [stdout]    |
[INFO] [stdout] 68 | #[deriving(Show)]
[INFO] [stdout]    |   ^^^^^^^^
[INFO] [stdout] 
[INFO] [stdout] 
[INFO] [stdout] error: cannot find attribute `deriving` in this scope
[INFO] [stdout]    --> src/main.rs:140:3
[INFO] [stdout]     |
[INFO] [stdout] 140 | #[deriving(Show)]
[INFO] [stdout]     |   ^^^^^^^^
[INFO] [stdout] 
[INFO] [stdout] 
[INFO] [stdout] error: cannot find attribute `deriving` in this scope
[INFO] [stdout]    --> src/main.rs:141:3
[INFO] [stdout]     |
[INFO] [stdout] 141 | #[deriving(Clone)]
[INFO] [stdout]     |   ^^^^^^^^
[INFO] [stdout] 
[INFO] [stdout] 
[INFO] [stdout] error: cannot find attribute `deriving` in this scope
[INFO] [stdout]    --> src/main.rs:156:3
[INFO] [stdout]     |
[INFO] [stdout] 156 | #[deriving(Clone)]
[INFO] [stdout]     |   ^^^^^^^^
[INFO] [stdout] 
[INFO] [stdout] 
[INFO] [stdout] error: cannot find attribute `deriving` in this scope
[INFO] [stdout]    --> src/main.rs:157:3
[INFO] [stdout]     |
[INFO] [stdout] 157 | #[deriving(Show)]
[INFO] [stdout]     |   ^^^^^^^^
[INFO] [stdout] 
[INFO] [stdout] 
[INFO] [stdout] error: cannot find attribute `deriving` in this scope
[INFO] [stdout]    --> src/main.rs:164:3
[INFO] [stdout]     |
[INFO] [stdout] 164 | #[deriving(Show)]
[INFO] [stdout]     |   ^^^^^^^^
[INFO] [stdout] 
[INFO] [stdout] 
[INFO] [stdout] error: cannot find attribute `deriving` in this scope
[INFO] [stdout]    --> src/main.rs:235:3
[INFO] [stdout]     |
[INFO] [stdout] 235 | #[deriving(Show)]
[INFO] [stdout]     |   ^^^^^^^^
[INFO] [stdout] 
[INFO] [stdout] 
[INFO] [stdout] error: cannot find attribute `deriving` in this scope
[INFO] [stdout]    --> src/main.rs:241:3
[INFO] [stdout]     |
[INFO] [stdout] 241 | #[deriving(Show)]
[INFO] [stdout]     |   ^^^^^^^^
[INFO] [stdout] 
[INFO] [stdout] 
[INFO] [stdout] error[E0412]: cannot find type `uint` in this scope
[INFO] [stdout]   --> src/main.rs:16:28
[INFO] [stdout]    |
[INFO] [stdout] 16 |     fn repeat(self, times: uint) -> String;
[INFO] [stdout]    |                            ^^^^ not found in this scope
[INFO] [stdout] 
[INFO] [stdout] 
[INFO] [stdout] error[E0412]: cannot find type `uint` in this scope
[INFO] [stdout]   --> src/main.rs:20:28
[INFO] [stdout]    |
[INFO] [stdout] 20 |     fn repeat(self, times: uint) -> String {
[INFO] [stdout]    |                            ^^^^ not found in this scope
[INFO] [stdout] 
[INFO] [stdout] 
[INFO] [stdout] error[E0412]: cannot find type `uint` in this scope
[INFO] [stdout]   --> src/main.rs:29:13
[INFO] [stdout]    |
[INFO] [stdout] 29 |     pos:    uint,
[INFO] [stdout]    |             ^^^^ not found in this scope
[INFO] [stdout] 
[INFO] [stdout] 
[INFO] [stdout] error[E0412]: cannot find type `uint` in this scope
[INFO] [stdout]   --> src/main.rs:31:13
[INFO] [stdout]    |
[INFO] [stdout] 31 |     col:    uint,
[INFO] [stdout]    |             ^^^^ not found in this scope
[INFO] [stdout] 
[INFO] [stdout] 
[INFO] [stdout] error[E0412]: cannot find type `uint` in this scope
[INFO] [stdout]   --> src/main.rs:32:13
[INFO] [stdout]    |
[INFO] [stdout] 32 |     line:   uint
[INFO] [stdout]    |             ^^^^ not found in this scope
[INFO] [stdout] 
[INFO] [stdout] 
[INFO] [stdout] error[E0412]: cannot find type `uint` in this scope
[INFO] [stdout]   --> src/main.rs:71:17
[INFO] [stdout]    |
[INFO] [stdout] 71 |     line:       uint,
[INFO] [stdout]    |                 ^^^^ not found in this scope
[INFO] [stdout] 
[INFO] [stdout] 
[INFO] [stdout] error[E0412]: cannot find type `uint` in this scope
[INFO] [stdout]   --> src/main.rs:72:18
[INFO] [stdout]    |
[INFO] [stdout] 72 |     col_range:  (uint, uint)
[INFO] [stdout]    |                  ^^^^ not found in this scope
[INFO] [stdout] 
[INFO] [stdout] 
[INFO] [stdout] error[E0412]: cannot find type `uint` in this scope
[INFO] [stdout]   --> src/main.rs:72:24
[INFO] [stdout]    |
[INFO] [stdout] 72 |     col_range:  (uint, uint)
[INFO] [stdout]    |                        ^^^^ not found in this scope
[INFO] [stdout] 
[INFO] [stdout] 
[INFO] [stdout] error[E0412]: cannot find type `uint` in this scope
[INFO] [stdout]    --> src/main.rs:160:17
[INFO] [stdout]     |
[INFO] [stdout] 160 |     col:        uint,
[INFO] [stdout]     |                 ^^^^ not found in this scope
[INFO] [stdout] 
[INFO] [stdout] 
[INFO] [stdout] error[E0412]: cannot find type `uint` in this scope
[INFO] [stdout]    --> src/main.rs:161:17
[INFO] [stdout]     |
[INFO] [stdout] 161 |     line:       uint
[INFO] [stdout]     |                 ^^^^ not found in this scope
[INFO] [stdout] 
[INFO] [stdout] 
[INFO] [stdout] error[E0425]: cannot find function `range` in this scope
[INFO] [stdout]    --> src/main.rs:177:20
[INFO] [stdout]     |
[INFO] [stdout] 177 |         for idx in range(1u, self.components.len()) {
[INFO] [stdout]     |                    ^^^^^ not found in this scope
[INFO] [stdout]     |
[INFO] [stdout] help: consider importing this function
[INFO] [stdout]     |
[INFO] [stdout] 1   | use std::slice::range;
[INFO] [stdout]     |
[INFO] [stdout] 
[INFO] [stdout] 
[INFO] [stdout] error[E0425]: cannot find function `range` in this scope
[INFO] [stdout]    --> src/main.rs:223:20
[INFO] [stdout]     |
[INFO] [stdout] 223 |         for num in range(0i, tests) {
[INFO] [stdout]     |                    ^^^^^ not found in this scope
[INFO] [stdout]     |
[INFO] [stdout] help: consider importing this function
[INFO] [stdout]     |
[INFO] [stdout] 1   | use std::slice::range;
[INFO] [stdout]     |
[INFO] [stdout] 
[INFO] [stdout] 
[INFO] [stdout] error[E0425]: cannot find function `range` in this scope
[INFO] [stdout]    --> src/main.rs:225:24
[INFO] [stdout]     |
[INFO] [stdout] 225 |             for pos in range(0u, vars.len()) {
[INFO] [stdout]     |                        ^^^^^ not found in this scope
[INFO] [stdout]     |
[INFO] [stdout] help: consider importing this function
[INFO] [stdout]     |
[INFO] [stdout] 1   | use std::slice::range;
[INFO] [stdout]     |
[INFO] [stdout] 
[INFO] [stdout] 
[INFO] [stdout] error[E0412]: cannot find type `uint` in this scope
[INFO] [stdout]    --> src/main.rs:260:10
[INFO] [stdout]     |
[INFO] [stdout] 260 |     pos: uint
[INFO] [stdout]     |          ^^^^ not found in this scope
[INFO] [stdout] 
[INFO] [stdout] 
[INFO] [stdout] warning: use of deprecated macro `try`: use the `?` operator instead
[INFO] [stdout]    --> src/main.rs:174:19
[INFO] [stdout]     |
[INFO] [stdout] 174 |             val = try!(self.components[0].eval(env));
[INFO] [stdout]     |                   ^^^
[INFO] [stdout]     |
[INFO] [stdout]     = note: `#[warn(deprecated)]` on by default
[INFO] [stdout] 
[INFO] [stdout] 
[INFO] [stdout] warning: use of deprecated macro `try`: use the `?` operator instead
[INFO] [stdout]    --> src/main.rs:178:24
[INFO] [stdout]     |
[INFO] [stdout] 178 |             let eval = try!(self.components[idx].eval(env));
[INFO] [stdout]     |                        ^^^
[INFO] [stdout] 
[INFO] [stdout] 
[INFO] [stdout] warning: trait objects without an explicit `dyn` are deprecated
[INFO] [stdout]    --> src/main.rs:171:26
[INFO] [stdout]     |
[INFO] [stdout] 171 |     fn eval(&self, env: &Environment) -> Result<bool, ErrorPosition> {
[INFO] [stdout]     |                          ^^^^^^^^^^^ help: use `dyn`: `dyn Environment`
[INFO] [stdout]     |
[INFO] [stdout]     = note: `#[warn(bare_trait_objects)]` on by default
[INFO] [stdout]     = warning: this was previously accepted by the compiler but is being phased out; it will become a hard error in the 2021 edition!
[INFO] [stdout]     = note: for more information, see issue #80165 <https://github.com/rust-lang/rust/issues/80165>
[INFO] [stdout] 
[INFO] [stdout] 
[INFO] [stdout] warning: use of deprecated macro `try`: use the `?` operator instead
[INFO] [stdout]    --> src/main.rs:228:44
[INFO] [stdout]     |
[INFO] [stdout] 228 |             result.push((env.vars.clone(), try!(self.eval(&env))));
[INFO] [stdout]     |                                            ^^^
[INFO] [stdout] 
[INFO] [stdout] 
[INFO] [stdout] warning: use of deprecated macro `try`: use the `?` operator instead
[INFO] [stdout]    --> src/main.rs:251:40
[INFO] [stdout]     |
[INFO] [stdout] 251 |             VarOrExpr::Expr(ref op) => try!(op.eval(env))
[INFO] [stdout]     |                                        ^^^
[INFO] [stdout] 
[INFO] [stdout] 
[INFO] [stdout] warning: trait objects without an explicit `dyn` are deprecated
[INFO] [stdout]    --> src/main.rs:248:26
[INFO] [stdout]     |
[INFO] [stdout] 248 |     fn eval(&self, env: &Environment) -> Result<bool, ErrorPosition> {
[INFO] [stdout]     |                          ^^^^^^^^^^^ help: use `dyn`: `dyn Environment`
[INFO] [stdout]     |
[INFO] [stdout]     = warning: this was previously accepted by the compiler but is being phased out; it will become a hard error in the 2021 edition!
[INFO] [stdout]     = note: for more information, see issue #80165 <https://github.com/rust-lang/rust/issues/80165>
[INFO] [stdout] 
[INFO] [stdout] 
[INFO] [stdout] warning: use of deprecated macro `try`: use the `?` operator instead
[INFO] [stdout]    --> src/main.rs:268:21
[INFO] [stdout]     |
[INFO] [stdout] 268 |             token = try!(lexer.next_token());
[INFO] [stdout]     |                     ^^^
[INFO] [stdout] 
[INFO] [stdout] 
[INFO] [stdout] warning: use of deprecated macro `try`: use the `?` operator instead
[INFO] [stdout]    --> src/main.rs:293:28
[INFO] [stdout]     |
[INFO] [stdout] 293 |         op.components.push(try!(self.component()));
[INFO] [stdout]     |                            ^^^
[INFO] [stdout] 
[INFO] [stdout] 
[INFO] [stdout] warning: use of deprecated macro `try`: use the `?` operator instead
[INFO] [stdout]    --> src/main.rs:300:40
[INFO] [stdout]     |
[INFO] [stdout] 300 |                     op.components.push(try!(self.component()));
[INFO] [stdout]     |                                        ^^^
[INFO] [stdout] 
[INFO] [stdout] 
[INFO] [stdout] warning: use of deprecated macro `try`: use the `?` operator instead
[INFO] [stdout]    --> src/main.rs:322:43
[INFO] [stdout]     |
[INFO] [stdout] 322 |                     val = VarOrExpr::Expr(try!(self.parse()));
[INFO] [stdout]     |                                           ^^^
[INFO] [stdout] 
[INFO] [stdout] 
[INFO] [stdout] warning: use of deprecated macro `try`: use the `?` operator instead
[INFO] [stdout]    --> src/main.rs:390:22
[INFO] [stdout]     |
[INFO] [stdout] 390 |     let mut parser = try!(Parser::new(&mut lexer));
[INFO] [stdout]     |                      ^^^
[INFO] [stdout] 
[INFO] [stdout] 
[INFO] [stdout] warning: use of deprecated macro `try`: use the `?` operator instead
[INFO] [stdout]    --> src/main.rs:391:16
[INFO] [stdout]     |
[INFO] [stdout] 391 |     let root = try!(parser.parse());
[INFO] [stdout]     |                ^^^
[INFO] [stdout] 
[INFO] [stdout] 
[INFO] [stdout] warning: use of deprecated macro `try`: use the `?` operator instead
[INFO] [stdout]    --> src/main.rs:393:17
[INFO] [stdout]     |
[INFO] [stdout] 393 |     let table = try!(root.truth_table());
[INFO] [stdout]     |                 ^^^
[INFO] [stdout] 
[INFO] [stdout] 
[INFO] [stdout] error[E0599]: no method named `as_slice` found for struct `String` in the current scope
[INFO] [stdout]   --> src/main.rs:47:30
[INFO] [stdout]    |
[INFO] [stdout] 47 |             Some(self.source.as_slice().char_at(self.pos))
[INFO] [stdout]    |                              ^^^^^^^^ method not found in `String`
[INFO] [stdout] 
[INFO] [stdout] 
[INFO] [stdout] error[E0599]: no method named `clone` found for struct `Token` in the current scope
[INFO] [stdout]    --> src/main.rs:299:39
[INFO] [stdout]     |
[INFO] [stdout] 158 | struct Token {
[INFO] [stdout]     | ------------ method `clone` not found for this
[INFO] [stdout] ...
[INFO] [stdout] 299 |                     op.ops.push(token.clone());
[INFO] [stdout]     |                                       ^^^^^ method not found in `Token`
[INFO] [stdout]     |
[INFO] [stdout]     = help: items from traits can only be used if the trait is implemented and in scope
[INFO] [stdout]     = note: the following trait defines an item `clone`, perhaps you need to implement it:
[INFO] [stdout]             candidate #1: `Clone`
[INFO] [stdout] 
[INFO] [stdout] 
[INFO] [stdout] error[E0277]: `Type` doesn't implement `std::fmt::Display`
[INFO] [stdout]    --> src/main.rs:328:65
[INFO] [stdout]     |
[INFO] [stdout] 328 | ...                   format!("Unexpected token: {}", other), next.clone()
[INFO] [stdout]     |                                                       ^^^^^ `Type` cannot be formatted with the default formatter
[INFO] [stdout]     |
[INFO] [stdout]     = help: the trait `std::fmt::Display` is not implemented for `Type`
[INFO] [stdout]     = note: in format strings you may be able to use `{:?}` (or {:#?} for pretty-print) instead
[INFO] [stdout]     = note: required because of the requirements on the impl of `std::fmt::Display` for `&Type`
[INFO] [stdout]     = note: required by `std::fmt::Display::fmt`
[INFO] [stdout]     = note: this error originates in a macro (in Nightly builds, run with -Z macro-backtrace for more info)
[INFO] [stdout] 
[INFO] [stdout] 
[INFO] [stdout] error[E0599]: no method named `clone` found for struct `Token` in the current scope
[INFO] [stdout]    --> src/main.rs:328:78
[INFO] [stdout]     |
[INFO] [stdout] 158 | struct Token {
[INFO] [stdout]     | ------------ method `clone` not found for this
[INFO] [stdout] ...
[INFO] [stdout] 328 |                                 format!("Unexpected token: {}", other), next.clone()
[INFO] [stdout]     |                                                                              ^^^^^ method not found in `Token`
[INFO] [stdout]     |
[INFO] [stdout]     = help: items from traits can only be used if the trait is implemented and in scope
[INFO] [stdout]     = note: the following trait defines an item `clone`, perhaps you need to implement it:
[INFO] [stdout]             candidate #1: `Clone`
[INFO] [stdout] 
[INFO] [stdout] 
[INFO] [stdout] error[E0277]: `Type` doesn't implement `std::fmt::Display`
[INFO] [stdout]    --> src/main.rs:340:57
[INFO] [stdout]     |
[INFO] [stdout] 340 |                         format!("Unexpected token: {}", other), token.clone()
[INFO] [stdout]     |                                                         ^^^^^ `Type` cannot be formatted with the default formatter
[INFO] [stdout]     |
[INFO] [stdout]     = help: the trait `std::fmt::Display` is not implemented for `Type`
[INFO] [stdout]     = note: in format strings you may be able to use `{:?}` (or {:#?} for pretty-print) instead
[INFO] [stdout]     = note: required because of the requirements on the impl of `std::fmt::Display` for `&Type`
[INFO] [stdout]     = note: required by `std::fmt::Display::fmt`
[INFO] [stdout]     = note: this error originates in a macro (in Nightly builds, run with -Z macro-backtrace for more info)
[INFO] [stdout] 
[INFO] [stdout] 
[INFO] [stdout] error[E0599]: no method named `clone` found for struct `Token` in the current scope
[INFO] [stdout]    --> src/main.rs:340:71
[INFO] [stdout]     |
[INFO] [stdout] 158 | struct Token {
[INFO] [stdout]     | ------------ method `clone` not found for this
[INFO] [stdout] ...
[INFO] [stdout] 340 |                         format!("Unexpected token: {}", other), token.clone()
[INFO] [stdout]     |                                                                       ^^^^^ method not found in `Token`
[INFO] [stdout]     |
[INFO] [stdout]     = help: items from traits can only be used if the trait is implemented and in scope
[INFO] [stdout]     = note: the following trait defines an item `clone`, perhaps you need to implement it:
[INFO] [stdout]             candidate #1: `Clone`
[INFO] [stdout] 
[INFO] [stdout] 
[INFO] [stdout] error[E0599]: no method named `lines` found for struct `Stdin` in the current scope
[INFO] [stdout]    --> src/main.rs:370:34
[INFO] [stdout]     |
[INFO] [stdout] 370 |     for line in std::io::stdin().lines() {
[INFO] [stdout]     |                                  ^^^^^ method not found in `Stdin`
[INFO] [stdout] 
[INFO] [stdout] 
[INFO] [stdout] error[E0599]: no method named `val0` found for reference `&(&String, &bool)` in the current scope
[INFO] [stdout]    --> src/main.rs:407:33
[INFO] [stdout]     |
[INFO] [stdout] 407 |         sorted.sort_by(|a, b| a.val0().cmp(b.val0()));
[INFO] [stdout]     |                                 ^^^^ method not found in `&(&String, &bool)`
[INFO] [stdout] 
[INFO] [stdout] 
[INFO] [stdout] error[E0599]: no method named `val0` found for reference `&(&String, &bool)` in the current scope
[INFO] [stdout]    --> src/main.rs:407:46
[INFO] [stdout]     |
[INFO] [stdout] 407 |         sorted.sort_by(|a, b| a.val0().cmp(b.val0()));
[INFO] [stdout]     |                                              ^^^^ method not found in `&(&String, &bool)`
[INFO] [stdout] 
[INFO] [stdout] 
[INFO] [stdout] error[E0277]: `Operation` doesn't implement `std::fmt::Display`
[INFO] [stdout]    --> src/main.rs:414:36
[INFO] [stdout]     |
[INFO] [stdout] 414 |     println!("> Parsed tree:\n{}", root);
[INFO] [stdout]     |                                    ^^^^ `Operation` cannot be formatted with the default formatter
[INFO] [stdout]     |
[INFO] [stdout]     = help: the trait `std::fmt::Display` is not implemented for `Operation`
[INFO] [stdout]     = note: in format strings you may be able to use `{:?}` (or {:#?} for pretty-print) instead
[INFO] [stdout]     = note: required by `std::fmt::Display::fmt`
[INFO] [stdout]     = note: this error originates in a macro (in Nightly builds, run with -Z macro-backtrace for more info)
[INFO] [stdout] 
[INFO] [stdout] 
[INFO] [stdout] error[E0277]: `Vec<String>` doesn't implement `std::fmt::Display`
[INFO] [stdout]    --> src/main.rs:415:33
[INFO] [stdout]     |
[INFO] [stdout] 415 |     println!("> Variables: {}", vars);
[INFO] [stdout]     |                                 ^^^^ `Vec<String>` cannot be formatted with the default formatter
[INFO] [stdout]     |
[INFO] [stdout]     = help: the trait `std::fmt::Display` is not implemented for `Vec<String>`
[INFO] [stdout]     = note: in format strings you may be able to use `{:?}` (or {:#?} for pretty-print) instead
[INFO] [stdout]     = note: required by `std::fmt::Display::fmt`
[INFO] [stdout]     = note: this error originates in a macro (in Nightly builds, run with -Z macro-backtrace for more info)
[INFO] [stdout] 
[INFO] [stdout] 
[INFO] [stdout] error: aborting due to 39 previous errors; 13 warnings emitted
[INFO] [stdout] 
[INFO] [stdout] 
[INFO] [stdout] Some errors have detailed explanations: E0277, E0412, E0425, E0432, E0599.
[INFO] [stdout] 
[INFO] [stdout] For more information about an error, try `rustc --explain E0277`.
[INFO] [stdout] 
[INFO] [stderr] error: could not compile `truth`
[INFO] [stderr] 
[INFO] [stderr] To learn more, run the command again with --verbose.
[INFO] running `Command { std: "docker" "inspect" "660c78733d1f2ab1e188dcb9939c89df6d0f6ae32f560f3836f4d5c45628e7c2", kill_on_drop: false }`
[INFO] running `Command { std: "docker" "rm" "-f" "660c78733d1f2ab1e188dcb9939c89df6d0f6ae32f560f3836f4d5c45628e7c2", kill_on_drop: false }`
[INFO] [stdout] 660c78733d1f2ab1e188dcb9939c89df6d0f6ae32f560f3836f4d5c45628e7c2
